{"id":8,"date":"2013-06-23T14:26:03","date_gmt":"2013-06-23T14:26:03","guid":{"rendered":"http:\/\/xn--kirchspiel-hohenfrst-5ec.de\/?page_id=8"},"modified":"2018-07-03T20:14:05","modified_gmt":"2018-07-03T20:14:05","slug":"willkommen","status":"publish","type":"page","link":"http:\/\/xn--kirchspiel-hohenfrst-5ec.de\/","title":{"rendered":"Willkommen"},"content":{"rendered":"<p><strong>Guten Tag,<\/strong><\/p>\n<p><strong>ich begr\u00fc\u00dfe Sie auf der Internetseite des Kirchspiels Hohenf\u00fcrst im Kreis Heiligenbeil.<\/strong><\/p>\n<p>&nbsp;<\/p>\n<p>Ihre Kirchspielvertreterin<\/p>\n<p><em><strong>Elke Ruhnke<\/strong><\/em><\/p>\n<p>&nbsp;<\/p>\n<p>&nbsp;<\/p>\n<p>&nbsp;<\/p>\n<p>&nbsp;<\/p>\n<p>&nbsp;<\/p>\n<p>&nbsp;<\/p>\n<p>&nbsp;<\/p>\n<p>&nbsp;<\/p>\n<p>&nbsp;<\/p>\n","protected":false},"excerpt":{"rendered":"<p>Guten Tag, ich begr\u00fc\u00dfe Sie auf der Internetseite des Kirchspiels Hohenf\u00fcrst im Kreis Heiligenbeil. &nbsp; Ihre Kirchspielvertreterin Elke Ruhnke &nbsp; &nbsp; &nbsp; &nbsp; &nbsp; &nbsp; &nbsp; &nbsp; &nbsp;<\/p>\n","protected":false},"author":1,"featured_media":0,"parent":0,"menu_order":0,"comment_status":"closed","ping_status":"closed","template":"","meta":{"jetpack_post_was_ever_published":false,"footnotes":""},"jetpack_shortlink":"https:\/\/wp.me\/P3G0QK-8","jetpack_sharing_enabled":true,"jetpack-related-posts":[],"_links":{"self":[{"href":"http:\/\/xn--kirchspiel-hohenfrst-5ec.de\/index.php?rest_route=\/wp\/v2\/pages\/8"}],"collection":[{"href":"http:\/\/xn--kirchspiel-hohenfrst-5ec.de\/index.php?rest_route=\/wp\/v2\/pages"}],"about":[{"href":"http:\/\/xn--kirchspiel-hohenfrst-5ec.de\/index.php?rest_route=\/wp\/v2\/types\/page"}],"author":[{"embeddable":true,"href":"http:\/\/xn--kirchspiel-hohenfrst-5ec.de\/index.php?rest_route=\/wp\/v2\/users\/1"}],"replies":[{"embeddable":true,"href":"http:\/\/xn--kirchspiel-hohenfrst-5ec.de\/index.php?rest_route=%2Fwp%2Fv2%2Fcomments&post=8"}],"version-history":[{"count":6,"href":"http:\/\/xn--kirchspiel-hohenfrst-5ec.de\/index.php?rest_route=\/wp\/v2\/pages\/8\/revisions"}],"predecessor-version":[{"id":105,"href":"http:\/\/xn--kirchspiel-hohenfrst-5ec.de\/index.php?rest_route=\/wp\/v2\/pages\/8\/revisions\/105"}],"wp:attachment":[{"href":"http:\/\/xn--kirchspiel-hohenfrst-5ec.de\/index.php?rest_route=%2Fwp%2Fv2%2Fmedia&parent=8"}],"curies":[{"name":"wp","href":"https:\/\/api.w.org\/{rel}","templated":true}]}}