{"id":72,"date":"2016-01-19T16:17:35","date_gmt":"2016-01-19T16:17:35","guid":{"rendered":"http:\/\/xn--kirchspiel-hohenfrst-5ec.de\/?page_id=72"},"modified":"2016-01-20T15:37:12","modified_gmt":"2016-01-20T15:37:12","slug":"bilder","status":"publish","type":"page","link":"http:\/\/xn--kirchspiel-hohenfrst-5ec.de\/?page_id=72","title":{"rendered":"Bilder"},"content":{"rendered":"<p>Zum Vergr\u00f6\u00dfern der Bilder bitte anklicken&#8230;<\/p>\n<style type=\"text\/css\">\r\n\t#slgf_94 .gallery1 {\r\n\t\tdisplay: block !important;\r\n\t\twidth: 100% !important;\r\n\t\tmargin: 0 -5px !important; \/* Offset padding *\/\r\n\t}\r\n\t\r\n\t\/* Clearfix for container *\/\r\n\t#slgf_94 .gallery1:after {\r\n\t\tcontent: '';\r\n\t\tdisplay: block;\r\n\t\tclear: both;\r\n\t}\r\n\r\n\t#slgf_94 .wl-gallery {\r\n\t\tfloat: left !important;\r\n\t\tbox-sizing: border-box !important;\r\n\t\tpadding: 0 5px 10px 5px !important; \/* Horizontal padding + bottom margin *\/\r\n\t\tmargin: 0 !important;\r\n\t}\r\n\r\n\t\/* Two Column Layout *\/\r\n\t#slgf_94 .col-md-6 {\r\n\t\twidth: 50% !important;\r\n\t}\r\n\r\n\t\/* Three Column Layout *\/\r\n\t#slgf_94 .col-md-4 {\r\n\t\twidth: 33.33% !important;\r\n\t}\r\n\r\n\t#slgf_94 .col-md-3 {\r\n\t\twidth: 25% !important;\r\n\t}\r\n\r\n\t#slgf_94 .col-md-2 {\r\n\t\twidth: 16.66% !important;\r\n\t}\r\n\r\n\t#slgf_94 .b-link-stroke .b-top-line {\r\n\t\tbackground: rgba(0, 0, 0, 1.0);\r\n\t}\r\n\r\n\t#slgf_94 .b-link-stroke .b-bottom-line {\r\n\t\tbackground: rgba(0, 0, 0, 1.0);\r\n\t}\r\n\r\n\t#slgf_94 .b-wrapper {\r\n\t\tfont-family: ;\r\n\t}\r\n\r\n\t#slgf_94 .slgf_home_portfolio_caption {\r\n\t\tbackground: ;\r\n\t}\r\n\r\n\t#slgf_94 .slgf_home_portfolio_caption h3 {\r\n\t\tcolor: ;\r\n\t}\r\n\r\n\t#slgf_94 .slg_title_class {\r\n\t\tfont-weight: bolder;\r\n\t\tpadding-bottom: 20px;\r\n\t\tborder-bottom: 2px solid #cccccc;\r\n\t\tmargin-bottom: 20px;\r\n\t\tfont-family: ;\r\n\t\tcolor: ;\r\n\t}\r\n\t.fnf {\r\n\tbackground-color: #a92929;\r\n\tborder-radius: 5px;\r\n\tcolor: #fff;\r\n\tfont-family: initial;\r\n\ttext-align: center;\r\n\tpadding: 12px;\r\n\t}\r\n\t#slgf_94 .slgf_home_portfolio_caption { border-bottom: none !important; }<\/style>\t\r\n\t<div class=\"gal-container\" id=\"slgf_94\">\r\n\t\t\t\t\t<!--get the post id-->\r\n\t\t\t\r\n\t\t\t<!--Gallery Title-->\r\n\t\t\t\t\t\t<div class=\"row\">\r\n\r\n\t\t\t\t<div class=\"gallery1 lightgallery_94\">\r\n\t\t\t\t\t\t\t\t\t<\/div>\r\n\t\t\t<\/div>\r\n\t\t\t<\/div>\r\n\r\n\t<!-- Swipe Box-->\r\n\t\n","protected":false},"excerpt":{"rendered":"<p>Zum Vergr\u00f6\u00dfern der Bilder bitte anklicken&#8230;<\/p>\n","protected":false},"author":1,"featured_media":73,"parent":0,"menu_order":0,"comment_status":"open","ping_status":"open","template":"","meta":{"jetpack_post_was_ever_published":false,"footnotes":""},"jetpack_shortlink":"https:\/\/wp.me\/P3G0QK-1a","jetpack_sharing_enabled":true,"jetpack-related-posts":[{"id":14,"url":"http:\/\/xn--kirchspiel-hohenfrst-5ec.de\/?page_id=14","url_meta":{"origin":72,"position":0},"title":"Impressum","author":"Admin","date":"23\/06\/2013","format":false,"excerpt":"Angaben gem\u00e4\u00df \u00a7 5 TMG: Kreisgemeinschaft Heiligenbeil e. V. Tel.: 04821-84224 e-Mail: schmidt.ploessen@gmx.de Haftungsausschluss: Haftung f\u00fcr Inhalte Die Inhalte unserer Seiten wurden mit gr\u00f6\u00dfter Sorgfalt erstellt. F\u00fcr die Richtigkeit, Vollst\u00e4ndigkeit und Aktualit\u00e4t der Inhalte k\u00f6nnen wir jedoch keine Gew\u00e4hr \u00fcbernehmen. Als Diensteanbieter sind wir gem\u00e4\u00df \u00a7 7 Abs.1 TMG f\u00fcr\u2026","rel":"","context":"Similar post","block_context":{"text":"Similar post","link":""},"img":{"alt_text":"","src":"","width":0,"height":0},"classes":[]},{"id":108,"url":"http:\/\/xn--kirchspiel-hohenfrst-5ec.de\/?page_id=108","url_meta":{"origin":72,"position":1},"title":"Datenschutzerkl\u00e4rung","author":"Admin","date":"04\/07\/2018","format":false,"excerpt":"Diese Datenschutzerkl\u00e4rung kl\u00e4rt Sie \u00fcber die Art, den Umfang und Zweck der Verarbeitung von personenbezogenen Daten (nachfolgend kurz \u201eDaten\u201c) innerhalb unseres Onlineangebotes und der mit ihm verbundenen Webseiten, Funktionen und Inhalte sowie externen Onlinepr\u00e4senzen, wie z.B. unser Social Media Profile auf (nachfolgend gemeinsam bezeichnet als \u201eOnlineangebot\u201c). Im Hinblick auf die\u2026","rel":"","context":"Similar post","block_context":{"text":"Similar post","link":""},"img":{"alt_text":"","src":"","width":0,"height":0},"classes":[]},{"id":8,"url":"http:\/\/xn--kirchspiel-hohenfrst-5ec.de\/","url_meta":{"origin":72,"position":2},"title":"Willkommen","author":"Admin","date":"23\/06\/2013","format":false,"excerpt":"Guten Tag, ich begr\u00fc\u00dfe Sie auf der Internetseite des Kirchspiels Hohenf\u00fcrst im Kreis Heiligenbeil. \u00a0 Ihre Kirchspielvertreterin Elke Ruhnke \u00a0 \u00a0 \u00a0 \u00a0 \u00a0 \u00a0 \u00a0 \u00a0 \u00a0","rel":"","context":"Similar post","block_context":{"text":"Similar post","link":""},"img":{"alt_text":"","src":"","width":0,"height":0},"classes":[]}],"_links":{"self":[{"href":"http:\/\/xn--kirchspiel-hohenfrst-5ec.de\/index.php?rest_route=\/wp\/v2\/pages\/72"}],"collection":[{"href":"http:\/\/xn--kirchspiel-hohenfrst-5ec.de\/index.php?rest_route=\/wp\/v2\/pages"}],"about":[{"href":"http:\/\/xn--kirchspiel-hohenfrst-5ec.de\/index.php?rest_route=\/wp\/v2\/types\/page"}],"author":[{"embeddable":true,"href":"http:\/\/xn--kirchspiel-hohenfrst-5ec.de\/index.php?rest_route=\/wp\/v2\/users\/1"}],"replies":[{"embeddable":true,"href":"http:\/\/xn--kirchspiel-hohenfrst-5ec.de\/index.php?rest_route=%2Fwp%2Fv2%2Fcomments&post=72"}],"version-history":[{"count":9,"href":"http:\/\/xn--kirchspiel-hohenfrst-5ec.de\/index.php?rest_route=\/wp\/v2\/pages\/72\/revisions"}],"predecessor-version":[{"id":100,"href":"http:\/\/xn--kirchspiel-hohenfrst-5ec.de\/index.php?rest_route=\/wp\/v2\/pages\/72\/revisions\/100"}],"wp:featuredmedia":[{"embeddable":true,"href":"http:\/\/xn--kirchspiel-hohenfrst-5ec.de\/index.php?rest_route=\/wp\/v2\/media\/73"}],"wp:attachment":[{"href":"http:\/\/xn--kirchspiel-hohenfrst-5ec.de\/index.php?rest_route=%2Fwp%2Fv2%2Fmedia&parent=72"}],"curies":[{"name":"wp","href":"https:\/\/api.w.org\/{rel}","templated":true}]}}